 c(g) = g**2 + 14. Let u(d) = -3*d + 6 + 2*d + 2*d. Let y be u(-6). What is the units digit of c(y)?
4
Let n = -5 + 15. Suppose n = g + g. Suppose -103 = -g*t + j - 2*j, 2*t = 2*j + 46. What is the units digit of t?
1
Let a be 8/(-10) - 4/20. What is the units digit of (1/(2/(-16)))/a?
8
Suppose 8 = -x + 2. Let q(r) be the third derivative of r**4/24 + 7*r**3/6 - 5*r**2. What is the units digit of q(x)?
1
Suppose -3*y = 2*w - w - 9, -5*y - 5 = -5*w. Suppose 3*l - 5*r = -y*l + 160, r + 102 = 3*l. What is the units digit of l?
5
Let j(g) = -g**2 + 8*g - 5. Suppose -10 - 5 = -3*u. What is the units digit of j(u)?
0
Let i = 7 - 0. Let d = 9 - i. Suppose p + d*u = 0, -2*u = -3*p + 3 + 21. What is the units digit of p?
6
Let p = 203 + 26. What is the tens digit of p?
2
Let k(r) = -7*r + 4. Let p be k(3). Let t = 44 + p. What is the tens digit of t?
2
Let j be 12/(-30) + 14/10. Suppose -j = -a + 1. What is the units digit of a?
2
Let k = -6 + 2. Let m be (36/15)/k*5. Let t = m + 7. What is the units digit of t?
4
Suppose -4*l - 4*p = 12, 4*l + 13 = -7*p + 2*p. Let x = l + 2. What is the units digit of (x - -3)*20/6?
0
Let x = 1 - -4. Suppose -x = g - 2*g. Suppose -3*b + g + 22 = 0. What is the units digit of b?
9
Let j(f) = 5*f - 3. Let c(i) = 3*i + 2. Let x be c(1). What is the tens digit of j(x)?
2
Let g = -11 - -13. Suppose 3 = g*d + d. What is the units digit of d?
1
Suppose 214 = 5*p - 4*j, 0 = 2*j - 0*j - 8. What is the units digit of p?
6
Let j(o) = o - 2. Let m(s) = -s**3 - 3*s**2 + 5*s + 5. Let f be m(-4). Let u be j(f). Let l = 5 + u. What is the units digit of l?
4
Suppose -715 = -13*g - 182. What is the units digit of g?
1
Let y(c) = 2*c**2 + 5*c + 3. Let h(p) = -2*p + 6. Let v(d) = d**3 + d**2 - d + 5. Let k be v(0). Let t be h(k). What is the tens digit of y(t)?
1
Let t(x) = -x**3 + 7*x**2 + 6*x + 9. Let f be t(8). Let w = f - -10. What is the tens digit of -16*(w + 0 + -4)?
1
What is the tens digit of (285/120)/((-2)/(-12))*16?
2
Suppose 41*c - 45*c = -424. What is the units digit of c?
6
Let x = 12 + 50. What is the tens digit of x?
6
Let x(n) = n**3 - n**2 + 7*n - 1. What is the tens digit of x(4)?
7
Suppose 5*i = -5*k + 305, -5*i + 109 = 2*k + 2. What is the tens digit of k?
6
Suppose 0 = -4*u + 21 + 3. What is the units digit of u?
6
Let g = 3 + -3. Suppose g = -0*z - 3*z + 39. What is the units digit of z?
3
Suppose 3*u - 38 = u. What is the units digit of u?
9
Let i = -2 + 13. What is the units digit of i?
1
Suppose -2*h + 42 = -98. What is the tens digit of h?
7
Let x = 26 - -45. What is the tens digit of x?
7
Suppose 18*t - 17*t = 63. What is the units digit of t?
3
Let v(s) be the third derivative of -s**7/5040 + s**6/72 - s**5/30 - 3*s**2. Let j(t) be the third derivative of v(t). What is the units digit of j(7)?
3
Let k(u) = u**3 - 8*u**2 - 8*u - 9. Let p be k(9). Suppose -3*z - 3*f + 33 = -p*z, 3*z = 3*f + 51. What is the units digit of z?
4
Let y = 20 + -7. What is the units digit of y?
3
Let x(k) = k**3 + 5. Let y be x(0). Let f = 0 + 0. Suppose f*m = m - y. What is the units digit of m?
5
Let q(f) = f + 4. Suppose 3 + 12 = 3*c. What is the units digit of q(c)?
9
Suppose 2*v - 26 = v. What is the units digit of v?
6
Let d(v) be the first derivative of -3*v**2/2 - 3*v + 1. Suppose 0 = 3*l - 1 + 4, 5*f + 2*l = -17. What is the units digit of d(f)?
6
Suppose 5*g - 107 = 48. What is the units digit of g?
1
Let t = -50 + 27. Let a = 41 + t. What is the units digit of a?
8
Let n be 1/((5/(-6))/5). Let o = n - -4. What is the units digit of -1*3*o + -1?
5
Let y(j) be the third derivative of j**4/6 - 4*j**3/3 - 4*j**2. What is the units digit of y(4)?
8
Let u(m) = -18*m**3 + 5*m**2 + 3*m - 1. What is the units digit of u(-2)?
7
Let m(x) = 8*x**2 + 2*x - 3. What is the tens digit of m(2)?
3
Let j = 311 - 32. Suppose -3*o = -5*d + j, -3*d + 188 = -2*o + 20. What is the units digit of d?
4
Let o = 48 - 31. What is the tens digit of o?
1
Suppose -9*g + 28 = -35. What is the units digit of g?
7
What is the units digit of (-70)/(-3)*(-9)/(-6)?
5
Suppose -2*u = n - 44, 0*n - 100 = -4*u - 5*n. What is the tens digit of u?
2
Let j = -65 - -88. What is the tens digit of j?
2
Let a(p) = -p**2 + 19*p - 17. What is the tens digit of a(7)?
6
Let r(z) = z**2 + 3. Let x be r(0). Suppose -x*y + u = -2, u - 22 = -3*y - 3*u. What is the units digit of y/4*(-22)/(-1)?
1
Let g = 6 - 9. What is the units digit of 3 + (2 - 24/g)?
3
Let s = 1 - -2. Let h = 7 - s. Suppose 3*i - 5 = -h*c, -3*i - c - 3 = -11. What is the units digit of i?
3
Let y be (-4 - -2)/((-2)/(-52)). Let l = 1 - y. What is the tens digit of l?
5
Let c(p) = 5*p**3 + p - 1. Let a be c(1). Suppose -2*t + 2*y = -44, 6*y + 76 = 4*t + a*y. What is the tens digit of t?
1
Let q(t) = -2*t**3 + 12*t**2 + t - 7. Let z be q(6). Let a(j) = -j**3 - 7*j**2 - 7*j - 4. Let b be a(-6). What is the units digit of b - (2*z - -2)?
2
Let z(y) = -5*y**3 + 2*y**2 - 1. Let s be z(-1). Suppose 48 = -3*c + s*c. What is the units digit of c?
6
Let s(r) = r**3 - r**2 + r + 12. Suppose 2*z = 6*z. What is the tens digit of s(z)?
1
What is the units digit of -8*(1 + 105/(-12))?
2
Suppose y - 3*y = -106. What is the tens digit of y?
5
Suppose 0 = -2*x - x + 18. What is the units digit of x?
6
Suppose -15 = -8*a + 1. What is the units digit of a?
2
What is the tens digit of (-239)/(-4) + (2 - 8)/(-24)?
6
Let k(o) = -2*o**3 + 3*o + 2. What is the units digit of k(-2)?
2
Let d(v) = 2*v + 3*v - 2 - 1 + 2. What is the units digit of d(2)?
9
Suppose 5*v = 2*t - 561, 2*t + v - 374 = 217. What is the units digit of t?
3
Suppose t = -c + 4*c + 168, 3*c - 318 = -2*t. What is the tens digit of t?
6
Let s be (-14)/(-3) - (-2)/6. Suppose -3*j = -j - 2*i - 2, -5*j - s = 5*i. Suppose j = -u + d + 8, 0 = 2*u - 0*u + 4*d - 40. What is the tens digit of u?
1
Let z(v) = -7*v**3 + 3*v**2 - 5*v + 6. Let o(x) = -13*x**3 + 5*x**2 - 9*x + 11. Let i(p) = -6*o(p) + 11*z(p). What is the units digit of i(2)?
8
Suppose -18 - 9 = 3*r. Let g be -2*2*r/4. Suppose 0 = -0*m + 2*m + 2*z - 48, 2*z = m - g. What is the units digit of m?
9
Let k(o) = o**3 + 6*o**2 + 3*o - 5. Let x be k(-5). Suppose 5*g + 25 = -x. Let a(r) = -r**2 - 7*r. What is the units digit of a(g)?
6
Suppose 2*l - 5*f = 71, 0 = -4*l - 0*f + 3*f + 107. What is the tens digit of l?
2
Suppose 3*n - 263 = -83. What is the tens digit of n?
6
Suppose -s = 3*o - 34, -3*o - 2*s = 2*o - 57. Suppose 3*b = 4*a - 10, -3*b + o = a - 8*b. What is the units digit of a?
1
Let g be 0 + 0 - (12 - 14). Suppose 7*y = g*y + 85. What is the units digit of y?
7
Suppose -410 = 4*s - 6*s. What is the hundreds digit of s?
2
Let g(c) = c**2 - 4*c - 1. Let a be g(5). Suppose -2*u + a = v, -3 = u - 4. Suppose -v*i + 0*i = -16. What is the units digit of i?
8
Let b = 25 - 0. What is the units digit of b?
5
Let t(n) = n**2 - 8*n + 8. Let c be t(7). What is the units digit of 3 - (c + -3) - -2?
7
Let j be 5 - -6 - -2*1. Let u(b) be the third derivative of -b**5/60 + 13*b**4/24 + b**3/3 + 2*b**2. What is the units digit of u(j)?
2
What is the units digit of (-8)/5*(-170)/4?
8
Let p = -1 + 4. Suppose 2*f + 9 = p*f. Let b = 16 - f. What is the units digit of b?
7
Let c be (10/(-4))/(2/(-20)). Suppose c - 5 = 4*l. Suppose -4*d + 8 = 3*m - 8, -3*d + 12 = l*m. What is the units digit of d?
4
Let h be 70 + (0 - 5 - -2). Suppose -5*c - 2*y + h = 0, -c - y - 12 = -2*c. What is the tens digit of c?
1
Suppose -2*v = -3*w - v - 7, 0 = -2*w - 5*v + 1. Let d(u) = -u + 2. Let z be d(8). What is the units digit of (w - z - -1)/1?
5
Suppose 21 = 2*k - 5*v, -k = k + 4*v - 12. Let m(b) = b - 4. What is the units digit of m(k)?
4
Let v = 1 - -1. Suppose -53 = -q - 4*p, -q - q = v*p - 82. Suppose 12 = d - 2*j, 6 = -3*d + j + q. What is the units digit of d?
0
Let t = 2 + -3. Let q be (1 - (-1 + t)) + 2. Suppose -4*c - 6 = -o + q, 20 = 3*o + c. What is the units digit of o?
7
Let x be -4 - -2 - (-4)/(-1). Suppose -5*z - 7 + 22 = 0. What is the units digit of 4/z + (-4)/x?
2
Let h(g) = -g**3 + 11*g**2 - 6*g. Let t be h(6). What is the tens digit of 10/(-35) + t/14?
1
Suppose 0 = 5*c + 4*n + 40, 5*c = 3*c + 5*n - 16. Let b = 33 + c. What is the tens digit of b?
2
Let t(w) = -w. Let i be t(0). Suppose i*m + 35 = 5*m. What is the unit